est common factor of g and 14?
14
Let i be 1/(-2)*-12*(-6 + 8). Calculate the highest common divisor of i and 16.
4
Let a be (16/(-3))/(-4)*3. Suppose 331 = a*n + 43. Calculate the greatest common divisor of 18 and n.
18
Suppose -17 = -3*m - m + u, m + 1 = 2*u. Calculate the highest common factor of m and 45.
5
Let c = 2 + 3. Suppose -c*q + 90 = -2*q. Let t = -7 + 17. What is the greatest common divisor of t and q?
10
Let m(u) = 9*u - 1. Let r be m(1). Suppose 5*f = -4*d + d - 125, 5*d + 227 = f. Let c be (r/5)/((-6)/d). Calculate the greatest common factor of 18 and c.
6
Let q(k) = -3*k - 6. Let x be q(-4). What is the highest common factor of x and 3?
3
Let z be (4 + -10)*(-2)/4. Suppose -2*m + 30 = z*m. What is the greatest common divisor of 66 and m?
6
Let p = 41 - 26. Suppose -t - 2*t = -15. Calculate the highest common factor of t and p.
5
Let w(q) = -q**3 - 5*q**2 - 3*q + 2. Let r be w(-4). Let o be (3 - -3)/((-3)/r). What is the greatest common factor of 32 and o?
4
Suppose 4*q - 5*q + 49 = 0. Let s(a) = -a - 2. Let d be s(-9). What is the greatest common divisor of d and q?
7
Suppose -4*q + 19 = -165. What is the highest common factor of 23 and q?
23
Suppose 21*d - 17*d = 72. What is the greatest common factor of 234 and d?
18
Let x = 6 + -4. Suppose x*a = a + 11. Suppose -5*b + 2*y + 88 = 0, -1 - a = 3*y. Calculate the highest common factor of b and 2.
2
Let g = 13 + -9. Let r(t) = t**2 + 9*t + 4. Let a be r(-10). Suppose -a = b - 2*b + 3*u, -4*b + 12 = -u. What is the highest common factor of g and b?
2
Let d be ((-15)/10)/(81/(-78) + 1). Let x be 2/(-3) + (-240)/(-9). What is the greatest common factor of d and x?
13
Suppose -3*l - 4*v = -335, -3*l + 2*v - 115 = -4*l. Let a = -11 - -96. Suppose -a + 25 = -4*i. What is the greatest common factor of l and i?
15
Suppose b - 4*b + 5*v = -43, -4*b + 2*v = -48. Calculate the greatest common divisor of 66 and b.
11
Let k be ((12/15)/1)/(2/135). Calculate the highest common factor of k and 81.
27
Let k = 102 + -58. Calculate the greatest common factor of k and 22.
22
Suppose -8*p = -4*p - 72. Suppose -90 = -8*h + 3*h. What is the greatest common factor of p and h?
18
Let f(v) = -v**3 + 4*v**2 + 7*v - 5. Let p be f(5). Let k(b) = -b + 2. Let q be k(2). Suppose q = -j - 0*j + 40. Calculate the highest common factor of p and j.
5
Let m = -1 + 1. Let v(l) = l - 3. Let y be v(6). Suppose y*t + 4*a - 256 = m, 17 = 4*a + 1. Calculate the greatest common factor of 8 and t.
8
Suppose -6 = 2*s - 0. Let k be -2*s/(-6)*-23. Calculate the highest common divisor of k and 184.
23
Let u be (-127)/(-3) - (-6)/(-18). Suppose -2*r - 183 = 2*r - 3*o, 2*r - 4*o = -84. Let b = -34 - r. Calculate the greatest common divisor of u and b.
14
Let l(g) = 2*g**2 - 3*g - 2. Let h be l(-5). What is the highest common divisor of h and 42?
21
Let q = 7 - -3. What is the greatest common factor of q and 10?
10
Let d(a) = 2*a - 2. Let q be d(4). Suppose 3*u = 2*u + q. Calculate the highest common divisor of u and 36.
6
Suppose 2*i = 10, 2*i + 0*i + 415 = 5*h. Let l = -24 + 58. What is the greatest common divisor of h and l?
17
Let z(a) = -a**3 + 8*a**2 + 2*a - 10. Let l be z(8). What is the greatest common factor of l and 6?
6
Let t = 74 - 39. Suppose 2*i = 2 + 6. Suppose -l + i*d = l - 32, -3*d = 3. Calculate the highest common divisor of t and l.
7
Let h = -13 + 24. Calculate the highest common divisor of 55 and h.
11
Let u be 9/(-6)*1096/(-6). Suppose 34 = -k + 4*p + 165, 2*k - 4*p = u. Calculate the greatest common divisor of k and 13.
13
Let v be 2/4 + 606/12. What is the highest common factor of 34 and v?
17
Suppose 4*b - 10 = -2*g + 30, -b - 3*g + 10 = 0. Let z(f) = -f**2 - 12*f + 13. Let m be z(-9). Calculate the greatest common divisor of b and m.
10
Suppose 2*r + 27 + 69 = 0. Let j = -21 - r. Suppose -t - 2*l + 28 = -0*t, 4*l + 52 = 4*t. Calculate the highest common factor of t and j.
9
Let z be ((-3)/(-5))/((-1)/(-10)). What is the greatest common divisor of z and 48?
6
Suppose -2*c - 2*t + 72 = -0*c, 0 = -3*t. Let f = 18 + -6. Calculate the highest common divisor of c and f.
12
Let n(t) = -5*t. Let p be n(-12). Calculate the highest common divisor of p and 24.
12
Let k(l) = l**2 + 17*l - 16. Let s be k(-18). Let b be (0 - -1)/(2/6). Calculate the greatest common divisor of b and s.
1
Suppose -3*q + 3*k = -3, -4*q - 3*k = -q - 15. What is the greatest common factor of q and 27?
3
Let q(m) = -m**2 - 2*m + 2. Suppose -t = -0*t + 4. Let x be q(t). Let w be 236/6 - 4/x. Calculate the highest common factor of w and 16.
8
Let l = -331 + 635. Calculate the highest common factor of 16 and l.
16
Let n be 4/10 + (-6)/15. Suppose 2*t - 6 = 0, -4*j + j + 2*t + 9 = n. Suppose j*v + 118 = 778. Calculate the greatest common divisor of v and 12.
12
Let c(y) = y - 6. Let p be c(9). Suppose 376 = 5*d - o, -p*d - 4*o + 0*o = -221. Let w = 22 - -8. What is the greatest common divisor of d and w?
15
Suppose -16*y + 30 = -14*y. Calculate the highest common divisor of y and 90.
15
Let j be 3/3 - -3 - -4. Calculate the highest common factor of 12 and j.
4
Let c be ((-3)/(-5))/(4/60). Let o be (-195)/(-20) + (-6)/8. Calculate the highest common divisor of o and c.
9
Let d = -168 + 315. What is the greatest common factor of 21 and d?
21
Suppose 6*i + 1 - 25 = 0. Suppose -5*o + i*p = -140, -3*o + o + 5*p + 56 = 0. What is the highest common divisor of o and 7?
7
Let w = -10 - -15. Let n = w - -1. Let x = n - -39. What is the highest common factor of x and 18?
9
Let m be 3/((-3)/(-15*1)). Suppose -b = -2*b + m. What is the greatest common divisor of b and 15?
15
Suppose -4*j - j = -20. Suppose 0*z = -j*z + 68. Suppose 3*h = -3*s + 60, -4*h + 36 + 61 = 5*s. Calculate the greatest common factor of z and s.
17
Let w(g) = 2*g - 2. Let q be w(2). Suppose -14 = -4*z + q*z. Let a = -31 - -101. Calculate the highest common factor of z and a.
7
Let j = 96 - 14. Suppose -2*p + j = 18. Suppose 0 = 5*t + p - 197. Calculate the highest common divisor of 3 and t.
3
Let m(i) = 14*i - 60. Let l be m(6). Suppose 0*c - 27 = -4*c + 3*u, 28 = 5*c + 2*u. What is the greatest common factor of c and l?
6
Let y(p) = p**2 + 8*p + 10. Let j be y(-7). Let q be 0 + -2 + -2 + 25. Calculate the highest common divisor of j and q.
3
Let k be (3/(-2) + 1)*(-13 - -3). What is the highest common divisor of k and 115?
5
Let t = 658 + -339. Calculate the greatest common factor of 29 and t.
29
Let b be (-99)/(-6) - 2/(-4). Let d be (-2)/(-6) - ((-24)/9 + 3). Suppose d = 4*m - 35 - b. What is the greatest common divisor of m and 13?
13
Let y be (-1167)/(-10) - (-288)/960. Suppose 0*n + n - 13 = 0. Calculate the highest common factor of y and n.
13
Let k(r) = -6*r - 2. Let m be k(-4). What is the highest common divisor of m and 66?
22
Let n be (59/3)/((-2)/(-6)). Suppose 5*k = 40 - 15. Suppose -k*a + u = -u - n, -a = -4*u - 19. What is the highest common divisor of 33 and a?
11
Suppose -7*k = -5*k + 32. Let q = -12 - k. Let x be ((-18)/(-15))/(6/40). Calculate the highest common divisor of q and x.
4
Let b = -12 - -24. Let g be (-1 - 4)/(1/27). Let f = -27 - g. Calculate the highest common divisor of b and f.
12
Let p(w) be the third derivative of w**6/120 - w**4/24 - 2*w**3/3 + 5*w**2. Let o be p(4). What is the highest common factor of 7 and o?
7
Let n = 158 - 26. Let r = -42 + 54. What is the highest common factor of n and r?
12
Suppose -7*x = -3*x - 220. Let h = 21 + -16. What is the greatest common factor of x and h?
5
Suppose -2*i - i + 6 = -q, -3*q + 9 = 0. Let l = i - -2. Suppose l*o = 15 + 40. Calculate the highest common divisor of 11 and o.
11
Let a = 30 + 15. Let p = -22 + a. Let g = -8 + p. Calculate the highest common divisor of g and 120.
15
Suppose 4*o - 3*j = 3, -j = 4*o + 3*j - 24. Suppose -3*t = -o*h + 120, -2*h + 140 = h + t. What is the highest common divisor of h and 5?
5
Suppose -a = 2*a - 6. Suppose a*h + 24 = 6*h. Let i be 0 - -3 - (0 - 1). Calculate the greatest common divisor of h and i.
2
Let b(y) = 2*y - 13. Let s be b(8). Let i be 267/18 + 1/6. What is the greatest common factor of i and s?
3
Let m = 20 - 12. Suppose m*t - 5*t - 48 = 0. What is the highest common divisor of t and 24?
8
Let n be (-5)/((6/10)/(-3)). Calculate the greatest common fa